**5/20 + x**4/6 - x**3/3 - 6*x. What is d(y)?
-4
Let r be (42/(-7))/(-3 + 1). Let s(p) = -77 + r*p + 80 + p. Determine s(-3).
-9
Let k(m) be the third derivative of m**4/12 - 5*m**3/2 + 58*m**2. Calculate k(11).
7
Let a(v) = -12*v - 8*v + 12 - 14*v + 35*v. Determine a(0).
12
Suppose -3*d = -30 + 6. Let u(z) = 29*z - 2. Let g(b) = 176*b - 23. Let j(a) = -g(a) + 6*u(a). Calculate j(d).
-5
Let g(a) be the second derivative of -a**4/12 + 7*a**3/6 + 3*a**2/2 + 89*a + 1. Suppose -6 = -0*w - w. Calculate g(w).
9
Let p be ((-5 + 3)*-1)/1. Suppose -z = -p*r, -4*z = -r + 2*r - 9. Let t(o) = -z*o + 5*o**2 - 7*o**3 + 8*o**3 + o. Determine t(-5).
5
Suppose x = -0*x - 1. Let w be -9*(x + -1)/6. Let h(o) = 6*o**2 + 4*o - 4 - 2 + 0 - 8*o - o**w. Determine h(5).
-1
Let d(l) be the second derivative of l**3/2 + l**2 - 26*l + 2. Calculate d(-1).
-1
Let o = -1 - -4. Let x(v) = -1 - 1 - v**3 + o + 3. Calculate x(0).
4
Let b(a) = a**2 - 7*a + 1. Let j = -989 - -994. Determine b(j).
-9
Let b(t) = 2*t - 11. Let l be b(7). Let u(q) = 2*q**2 - 4 + q**2 - l + 6. Calculate u(1).
2
Let u(q) = -q**2 + 3*q + 8. Let h(b) = -b**2 + 4*b + 9. Suppose 0 = 10*x - 14 - 16. Let d(s) = x*h(s) - 4*u(s). Give d(5).
20
Let t(o) be the second derivative of o**3/6 - o**2 - 5*o. Suppose 22 = 4*j - 10. What is t(j)?
6
Let n(z) be the second derivative of z**4/12 - 2*z**3 + 11*z**2/2 + 481*z. Determine n(11).
0
Let q(n) = -25*n + 123. Let a be q(5). Let k(y) = -y - 1. Let g(v) = v**2 - 4*v - 8. Let m(t) = -g(t) + 6*k(t). What is m(a)?
2
Suppose 12*u - 7 - 5 = 0. Let q(k) = 2 - u + 6*k**2 - k**2 - 4*k**2 - k. Calculate q(1).
1
Let j(a) = a**2 + 12*a - 3. Let g = -994 - -982. What is j(g)?
-3
Let f(j) = 3*j**2 - 12*j - 9. Let o(l) = -l**2. Let b(m) = -f(m) - 2*o(m). What is b(8)?
41
Let p be ((-7)/(-4)*-2)/(1/(-46)). Let f be (-3)/(-1)*p/(-69). Let m(b) = b**2 + 6*b. Calculate m(f).
7
Let m(n) = -n**2 + 25*n - 112. Let w be m(19). Let q(y) = -y**2 + 1. Determine q(w).
-3
Let i(k) = k - 15*k**2 - 53 + 11*k**3 - 10*k**3 + 0*k + 45. Give i(15).
7
Let k(h) = 4*h + 31. Suppose -6 = p + 5*u, -20*u = 2*p - 21*u + 12. Determine k(p).
7
Let c(a) be the third derivative of a**4/24 + a**3/6 - 2*a**2. Let q = -3 + 5. Let l be 1 - (1 + -1) - q. What is c(l)?
0
Let w be 27/(-5) - (13 + 248/(-20)). Let f(i) = i**3 + 5*i**2 - 7*i - 6. What is f(w)?
0
Suppose 9 = 4*n - 7. Suppose -4*y - 8 = -4*k, -2*k + n*y - 32 = -6*k. Let c(h) be the first derivative of -h**4/4 + 4*h**3/3 + 3*h**2/2 + h - 1. What is c(k)?
-9
Let g(u) = -164*u - 7. Let o(s) = -73*s - 4. Let r(q) = 4*g(q) - 9*o(q). Let c be 3/(-1)*(-4)/6. Suppose t + t - c*h = -8, -3*t - 4*h - 19 = 0. What is r(t)?
3
Let l(z) = -z**3 - 6*z**2 - 3*z + 32. Let y(r) = -3*r**3 - 21*r**2 - 10*r + 95. Let s(n) = 7*l(n) - 2*y(n). Give s(0).
34
Let b be (-39)/6 + 1/(-2). Let o(u) = -10*u**2 - u - 1. Let s(g) = -21*g**2 - 7*g + 7. Let f(q) = 2*o(q) - s(q). Give f(b).
5
Let p = -4 + 7. Suppose 2*g - g - 15 = 4*a, -a + 6 = p*g. Let j(n) = 2*n + 4. Give j(a).
-2
Let f(c) be the second derivative of -2*c**2 - 5/6*c**3 + 0 - 1/24*c**4 + 4*c. Let g(k) be the first derivative of f(k). Determine g(-6).
1
Let x(j) = 6*j**2 + j + 21. Let f(y) = 7*y**2 + 2*y + 24. Let l(h) = -5*f(h) + 6*x(h). Calculate l(4).
6
Let o(g) = g**3 - 3*g**2 - 2*g + 4. Let h be o(2). Let c(z) = z**3 - z**2 - z - 1. Let y(x) = -x**3 + 2*x**2 + 1. Let b(f) = -5*c(f) - 4*y(f). Give b(h).
-3
Let u(n) = n**3 + 5*n**2 + 3*n. Let p(r) = r - 1. Let m(v) = -12 + 19 + 2*v - 7. Let a(d) = -3*m(d) + 4*p(d). Let f be a(0). Determine u(f).
4
Let w(g) be the first derivative of 2*g**3/3 - 3*g**2/2 - 2*g - 1. Let v = -1510 - -1513. Determine w(v).
7
Let r(v) = v**2 - 9 + 9 + 0*v**2 - 2*v - 9. Calculate r(5).
6
Suppose -11*r = -20 - 13. Let w(y) = y**3 - 2*y**2 + y - 3. Give w(r).
9
Let y(d) = d**3 - 5*d**2 - 10*d + 10. Let a be (-496)/(-82) - (-70)/(-1435). Give y(a).
-14
Suppose -3*k - 4*p - 1 = 0, k - 14 + 1 = 2*p. Let x(v) = -3 - k*v - 3 + 3*v**2 - 2*v**2. Suppose -32*a + 20 = -28*a. Determine x(a).
-6
Let p(z) = z**3 - 4*z + 1. Suppose -2*m - 6 = -5*m. Suppose 4*b = -m*w + 4 - 22, 0 = 3*b + 2*w + 15. Calculate p(b).
-14
Suppose 4*k - 24*k = 20. Let y(l) be the second derivative of -l**5/60 - l**4/24 + l**3/6 - l. Let u(t) be the second derivative of y(t). What is u(k)?
1
Let s(v) = -2 + v**2 - 4*v - 14 + 46 - 23. Determine s(-6).
67
Let m(j) = -4*j**3 + 13*j**2 - 7*j - 5. Let t(f) = 5*f**3 - 14*f**2 + 7*f + 3. Let l(k) = 4*m(k) + 3*t(k). Calculate l(9).
7
Let u(r) = -19*r**2 - r + 21. Let y(h) = -11*h**2 - h + 11. Let x(o) = 4*u(o) - 7*y(o). What is x(-3)?
7
Let a = 410 + -403. Let m(x) = x**2 - 10*x + 4. Calculate m(a).
-17
Let s(v) be the second derivative of v**7/2520 - v**6/720 - v**5/30 - v**4/3 + 5*v**2/2 - 4*v. Let q(x) be the third derivative of s(x). Determine q(5).
16
Suppose 3*r = -4*m - 14, 2*m + 0*r = 4*r + 4. Let d(k) = -23 + 52 + 5*k - 12 - 19. Calculate d(m).
-12
Let u(a) be the third derivative of -1/2*a**3 + 9*a**2 + 0 - 1/30*a**5 - 1/60*a**6 + 0*a - 1/8*a**4. Determine u(-2).
11
Let w = 4 + -2. Suppose 0 = w*b + 3*b - 20. Let p(x) = -b + 17 - 9 - x**2. Calculate p(-3).
-5
Let b(r) = -4*r - 1. Let x(p) = 21*p + 7. Let o(s) = -30*b(s) - 6*x(s). Give o(6).
-48
Let y(i) = -2*i**3 - 19*i**2 + 10*i + 8. Let v be y(-10). Let u(f) = -f**2 + 8*f + 2. Let r(x) = 2*x**2 - 16*x - 3. Let h(p) = -2*r(p) - 5*u(p). Give h(v).
-4
Let s(w) = 2*w + 6. Let l be 1/(18/21 + -1). Calculate s(l).
-8
Let d(y) = -4*y - 10. Let q be d(-5). Let x = 15 - 11. Let f be 2/(-4)*(x - q). Let j(k) = 4*k - 1. Give j(f).
11
Let p(u) be the first derivative of -2*u**3/3 + 3*u**2/2 + 3*u + 5. Suppose s = -2 + 5. Calculate p(s).
-6
Let b = 9 + 5. Let s be (b/(-6))/(-7)*-12. Let j(o) = o**3 + 5*o**2 + 4*o + 6. Determine j(s).
6
Let w(m) = -2*m**2 + 2*m - 1. Let y(z) = -z**2 + z. Let d(q) = -2*w(q) + 3*y(q). Let l be (-2)/4*(-5 - -5). Calculate d(l).
2
Suppose 2*p + 50 = 4*b + b, 5*b = -3*p + 25. Suppose 4*k + 0*k + 4*n + b = 0, 4*n = 3*k - 22. Let f(v) = 71*v - 66*v - v**k - v**3 + 4*v**2 + 3. Calculate f(4).
7
Let z = -26 - -36. Suppose -2*p + 8*k = 5*k + 3, k + z = -3*p. Let s(f) = -f**2 - 2*f. Give s(p).
-3
Let z(i) = i**2 - 3*i - 4. Suppose 0 = -2*o + 6*o - 8. Let c be -3 - (o + -7 - 3). Let f be z(c). Let m(a) = -a**2 + 5*a - 2. Calculate m(f).
-8
Let d(p) = -8*p**3 + p**2 - 2*p + 1. Let i be 2/(-2) + 32/8. Suppose i*u = t - 2, -u + 6*u = -4*t + 25. Calculate d(u).
-8
Let s be (62 - 60)*(0 + -1)*3. Let c(l) = -2*l - 12. Give c(s).
0
Let b = 82 + -49. Let n = -25 + b. Let a(o) = -o**2 + 8*o + 2. Determine a(n).
2
Let b(l) be the third derivative of -l**5/60 + l**3/6 - 4*l**2. Let p be 3 - ((-20)/100)/((-1)/15). What is b(p)?
1
Let p(y) be the first derivative of -6 - 3/2*y**2 - y + 1/3*y**3. Suppose 0 = -2*t - 2*b - 8, -2*b + 6 = -5*t - 0. What is p(t)?
9
Let g(b) = 170*b**2 - 171*b**2 + 4*b - 5 + 5*b. Determine g(9).
-5
Let z(y) = -y**3 - 2. Suppose 26*q + 170 - 118 = 0. Determine z(q).
6
Let n(d) = 6*d + 1. Suppose 0 = -9*v - 211 - 113. Let m = -38 - v. Calculate n(m).
-11
Let c(z) = 0*z - 2*z - 14 + 13. Suppose k = -4*k + 40. Calculate c(k).
-17
Suppose 15*t - 52 = -7. Let b(a) = 3*a**2 + 5*a + 5. Let f(q) = 3*q**2 + 4*q + 4. Let y(n) = t*f(n) - 2*b(n). Give y(-2).
10
Let d(a) = a**3 - 13*a**2 - a - 1. Suppose -3*o + g = -40, -g + 1 = 2*o - 24. Calculate d(o).
-14
Let m be (-2)/(5/20 - 0). Let w be (-10)/(-14) + m/(-28). Let h(u) = -u + 0*u**3 + 0*u + 1 - u**2 + 4*u**3. What is h(w)?
3
Suppose x + 0*x + 5 = 0. Let y(u) be the third derivative of -1/3*u**3 - 1/4*u**4 + 1/120*u**6 + 1/15*u**5 + 0 + 8*u**2 + 0*u. Calculate y(x).
3
Let h(c) be the first derivative of c**2 + 0*c + 1/24*c**4 + 2/3*c**3 + 1 - 1/12*c**5 + 1/120*c**6. Let r(n) be the second derivative of h(n). Calculate r(5).
9
Suppose -177 = -7*t + 8*t + 3*v, 2*v = -5*t - 937. Let l be 9/(-2)*84/t. Let d(x) = -x**2 + 2. Determine d(l).
-2
Suppose o = 2*o. Let z be (1 + 4 - o)/1. Let t(s) = s - 7. Let k be t(z). Let p(d) = d**2 - 2*d - 3. Give p(k).
5
Let j(y) = 4*y - 5. Let p(v) = -4*v + 6. Let g(o) = -5*j(o) - 4*p(o). Calculate g(2).
-7
Let w(u) = 5*u - 1. Let f = -563 - -569. Give w(f).
29
Let b(p) be the third derivative of p**4/24 + 5*p**3/2 + 70*p**2 - 3. Calc